 (0 + 62/(-2))*z is divided by 16 + 5 + -4 + -1.
15
Suppose 2*t - t + 3*x - 96 = 0, -4*x = t - 97. Calculate the remainder when t is divided by 32.
29
Suppose 5*q = 9 + 21. Suppose -7*s + q*s + 23 = 0. What is the remainder when s is divided by 6?
5
Let t(z) = 29*z**2 - 2*z + 1. Let x(r) = r**2 - 6*r + 1. Let l be x(6). What is the remainder when t(l) is divided by 10?
8
Suppose 43 + 209 = 7*c. Calculate the remainder when c is divided by 10.
6
What is the remainder when 98 is divided by (-15)/(4/(80/(-12)))?
23
Let q be (24/30)/(4/10). Suppose 8 = -q*y - 2*y + 2*z, 4*y = -z - 8. What is the remainder when (-8 - -6)/(y/9) is divided by 5?
4
Suppose o + 5 = -4*w, 4*o - 7*o = 2*w - 5. Suppose -x + f + 22 = 3*f, -o*f - 7 = -x. What is the remainder when 27 is divided by x?
11
Suppose -3*o + 66 = 2*i, -i + 137 = 2*i - 5*o. What is the remainder when i is divided by 10?
9
Suppose 4*a + 114 + 166 = 0. Let q = a + 148. Calculate the remainder when (-2)/4*q/(-3) is divided by 7.
6
Suppose -72 = 4*l - 4*q, -5*l + 2*q - 12 = 84. Let s = -16 - l. What is the remainder when 13 is divided by s?
1
Let j(n) = 10*n**2 - n + 1. What is the remainder when 46 is divided by j(-1)?
10
Let f = -14 + 94. Suppose 0*n - 5*n + f = 0. Calculate the remainder when 46 is divided by n.
14
Suppose 0*j = j - 5. What is the remainder when 14 is divided by j?
4
Suppose -i + 4 - 6 = 0. Let g(m) = m - 4. Let l be g(-5). Let j = i - l. What is the remainder when j is divided by 4?
3
Let v = -4 + 24. What is the remainder when 37 is divided by v?
17
Suppose -13*c - 48 = -16*c. What is the remainder when 61 is divided by c?
13
Suppose -i + 59 = -2*q, -4*i = -5*q - 0*i - 146. What is the remainder when 1/(-5) + (-1446)/q is divided by 27 - 3/((-6)/(-4))?
23
Let k(v) be the first derivative of -v**4/4 + 7*v**3/3 - 3*v**2 - 6*v + 2. Calculate the remainder when 26 is divided by k(5).
12
Suppose 2*p - 19 - 15 = 0. What is the remainder when 89/3 + (-2)/(-6) is divided by p?
13
Suppose -5*z + 6*i - 3*i = -101, -i - 63 = -3*z. What is the remainder when z is divided by 12?
10
Suppose 0 = 2*u + 3*u + 45. Let f = 24 - u. Calculate the remainder when f is divided by 9.
6
Let x(g) = g**3 - 7*g**2 + 2*g - 5. Let l be x(7). Suppose -1 = 4*c - l. Suppose -100 = -c*q + 36. What is the remainder when q is divided by 23?
22
Calculate the remainder when (-1)/(3*(-4)/372) is divided by 17.
14
Suppose g + 5*g - 156 = 0. Let c(v) = v**2 - 5*v - 3. Let l be c(6). Calculate the remainder when g is divided by (2 + -5)/((-1)/l).
8
Let o be 6/4*22/3. Suppose -o = -2*q + 17. What is the remainder when (-1)/(158/(-52) + 3) is divided by q?
12
Let i(d) = d - 6. Let q be i(9). Suppose -42 = -q*t + 2*w, 2*t = -5*w + 2*w + 15. Calculate the remainder when 23 is divided by t.
11
Let c = 36 - 29. Suppose -5*n - 35 - 35 = 0. Calculate the remainder when c is divided by 2/4 - n/4.
3
Let p(i) = -i + 13. Let u be p(11). Suppose 6*w - u*w = 144. Calculate the remainder when w is divided by 10.
6
Let g = -58 - -97. What is the remainder when g is divided by 20?
19
Let q(p) = -p**2 + p + 11. What is the remainder when 31 is divided by q(0)?
9
Suppose -13*m = 5*m - 342. What is the remainder when 26 is divided by m?
7
Let q = 31 - 14. Suppose -12 = 4*k - 36. Let t = k + 0. What is the remainder when q is divided by t?
5
Suppose -4*d + 3*a + 7 = 0, -d - 5*a + 19 = -0*a. What is the remainder when 35 is divided by (-6)/(-4)*2*d?
11
Suppose s - 10 = 10. What is the remainder when 38 is divided by s?
18
Suppose 5*a + u = 65, 5*u = 2*a + u - 26. Let c = 21 - a. Calculate the remainder when 15 is divided by c.
7
Let p(y) = -y**3 - y**2 + 6*y + 14. Calculate the remainder when p(-4) is divided by 9.
2
Let w = -1 - 12. Let o = w + 18. Suppose -4*l + l = -24. Calculate the remainder when l is divided by o.
3
Suppose -8 - 2 = -y. Let b = -5 + y. Calculate the remainder when b is divided by 4.
1
Let p(u) = 2*u - 1. What is the remainder when p(11) is divided by 12?
9
Suppose -32 = -7*l + 5*l. What is the remainder when 63 is divided by l?
15
Suppose -3*f + 45 = -0*f. Calculate the remainder when f is divided by (12/(-10))/(3/(-10)).
3
Let p = 117 - 107. Let v = 4 + -1. What is the remainder when p is divided by v?
1
Suppose -5*n = -3*g - 41, -n + 1 = -g + 4*g. Let r = -7 - -11. Suppose v = r, -z - 4*v + 35 - n = 0. Calculate the remainder when 35 is divided by z.
11
Let k = -10 - -52. Let b = -22 + k. Let n = b - 14. Calculate the remainder when 16 is divided by n.
4
Let u(o) = -12*o**3 - o**2 - 3*o - 1. Calculate the remainder when u(-1) is divided by 5.
3
Let f be (0 - (-12)/4) + -1. Suppose 2*t = -2*p + 24, 2*t - 30 = -f*p - 2*t. What is the remainder when 44 is divided by p?
8
Let o = -8 + 13. Suppose 3*f - 84 = -3*g, o*f + 3*g - 125 = g. Suppose -3*t + 24 = -t. Calculate the remainder when f is divided by t.
11
Let y(x) = 8*x - 4. Calculate the remainder when y(11) is divided by 29.
26
Let d(f) = f + 38. Let u be d(0). Let c = u - 15. Let h(r) = r**3 - 9*r**2 + 10*r - 4. What is the remainder when c is divided by h(8)?
11
Let o(y) = -6*y + 9. Let x(f) = -f**3 + 7*f**2 - 4*f - 2. Let d be x(6). Let k be o(d). Let b = -5 - k. What is the remainder when b is divided by 16?
14
Let v = 62 - 22. Let h = -18 - -29. Calculate the remainder when v is divided by h.
7
Let z = -4 + 3. Let v be -3 - z*(-6 + 0). Let m = 16 + v. Calculate the remainder when 12 is divided by m.
5
Suppose -x + 55 = 3*p, 2*x - 45 = 5*p - 144. What is the remainder when 93 is divided by p?
17
Suppose 3*s - 9 = 33. Suppose s*v = 10*v + 20. What is the remainder when 12 is divided by v?
2
Let l(f) = 2*f + 66. Calculate the remainder when l(-21) is divided by 7.
3
Let o(i) = -36*i. Let n be o(-1). Suppose h + 3*h - n = 0. Calculate the remainder when 16 is divided by h.
7
Suppose -3*s = 5*t - t - 423, 5*t = s + 505. Let n = -19 + 32. What is the remainder when t/((-3)/(-1)) - -3 is divided by n?
11
Suppose 6 = -5*a + 2*a, 2*a - 64 = -4*c. What is the remainder when c is divided by 9?
8
Suppose -10 + 25 = d. Calculate the remainder when 43 is divided by d.
13
Let y be (-116)/(-10) + 6/15. Let c(u) = -u**2 + 7*u - 4. Let v be c(5). What is the remainder when (2/v)/(2/y) is divided by 2?
0
Let f = 43 + -12. Suppose 3*g + f - 4 = 3*o, -5*o + 3*g = -51. Let b = -6 + o. Calculate the remainder when b is divided by 4.
2
Suppose s + p = 6*s - 65, -2*s + 26 = 3*p. Suppose 7 + s = 4*m. What is the remainder when m is divided by 3?
2
Suppose 3*z = -2*z + 320. What is the remainder when z is divided by 13?
12
Let p be (-82)/(-12) + (-4)/(-24). Suppose g = 2*k - p*k - 13, -k = -3*g - 7. What is the remainder when 3 is divided by 1/(-2)*(k - 2)?
1
Suppose -o = 4, 4*o + 1 = -2*u - 11. Let r(v) = -v**2 + 6*v - 4. Let g be r(4). Suppose -5 - 3 = -g*d. What is the remainder when d is divided by u?
0
Let o(x) = x**3 + 8*x**2 - 3*x - 11. What is the remainder when o(-8) is divided by 8?
5
Suppose s = 2*w, -2*s + w = -0 - 3. Calculate the remainder when 8 is divided by s.
0
Let j be -2 - (6 + -4 + 3). Let o = j - -20. Let d(h) = h**3 + 8*h**2 - 10*h - 4. Calculate the remainder when o is divided by d(-9).
3
Suppose -4*o + 79 = 15. Suppose -86*g = -82*g - 252. What is the remainder when g is divided by o?
15
What is the remainder when 20 is divided by (-1)/(-3 + 128/44)?
9
Let v be ((-3)/(-5))/(3/(-15)). Let d(c) = 3*c. Let t be d(2). What is the remainder when 188/t - 2/v is divided by 11?
10
Suppose -3*w + 40 = -5*w. Calculate the remainder when 42 is divided by (-250)/w + 3/(-2).
9
Let a(b) = 5*b**2 - 5*b + 5. Suppose 3*w = 4*w - 12. What is the remainder when a(3) is divided by w?
11
Suppose 3*y - 27 = g, 3*g = 2*y + 7*g - 32. Let t = 0 + y. Calculate the remainder when t is divided by 4.
2
Let n = 6 + -3. Suppose -2 + 53 = -n*q + r, -2*q - 39 = r. Let l = 11 - q. What is the remainder when l is divided by 15?
14
Let r = 7 + 12. Suppose 2*k - 23 + 0 = 3*c, 4*k - 18 = 2*c. Let i = c - -14. What is the remainder when r is divided by i?
5
Suppose 5*l + 112 = 13*l. Calculate the remainder when l is divided by 5.
4
Calculate the remainder when 1/(-3)*(-2184)/14 is divided by 18.
16
Let f(b) = -b**2 + 4*b + 4. Let m(j) = 2*j**2 - 7*j - 9. Let u(y) = 5*f(y) + 3*m(y). Calculate the rema